ase 9) to base 4
10221221
Convert 9cd6 (base 15) to base 11.
23001
What is 3b0 (base 13) in base 15?
2d5
414 (base 5) to base 12
91
-53610 (base 7) to base 2
-11010000010111
-11632 (base 7) to base 8
-5765
-103d (base 15) to base 4
-311221
What is 13030200 (base 4) in base 9?
44376
What is 32 (base 10) in base 8?
40
Convert 322 (base 12) to base 5.
3313
Convert 8e (base 16) to base 2.
10001110
What is -313133 (base 4) in base 6?
-24235
102202012 (base 3) to base 11
6486
Convert -2119 (base 15) to base 12.
-4073
470 (base 8) to base 12
220
Convert 10100 (base 7) to base 4.
212102
3040 (base 10) to base 12
1914
52c7 (base 14) to base 15
4377
What is -6160 (base 8) in base 15?
-e24
-4433 (base 5) to base 12
-436
What is 904c (base 13) in base 14?
732d
Convert -1210 (base 8) to base 7.
-1614
Convert -308a (base 11) to base 13.
-1b29
What is -200223 (base 5) in base 15?
-1d0d
Convert -3244112 (base 5) to base 4.
-31231131
What is -4033 (base 7) in base 6?
-10244
4504 (base 9) to base 10
3325
What is 2035 (base 6) in base 9?
555
ad7 (base 16) to base 5
42100
Convert 2212010 (base 3) to base 14.
a8a
-340263 (base 7) to base 14
-17cda
540 (base 6) to base 10
204
-873 (base 12) to base 14
-647
Convert -3555 (base 6) to base 8.
-1537
1133122 (base 4) to base 6
44134
eb3 (base 16) to base 7
13654
Convert -132313 (base 4) to base 14.
-a11
-4a74 (base 14) to base 10
-13038
Convert 12142 (base 5) to base 15.
417
-433033 (base 5) to base 7
-61025
Convert 333243 (base 5) to base 10.
11698
Convert -1011100111000 (base 2) to base 9.
-8134
-100101111001 (base 2) to base 16
-979
Convert 482a (base 14) to base 12.
7346
Convert 20334 (base 5) to base 8.
2500
What is 112100012 (base 3) in base 9?
15305
Convert -20a (base 13) to base 3.
-110220
Convert -312 (base 7) to base 12.
-110
-34 (base 15) to base 12
-41
What is -1413140 (base 5) in base 7?
-151021
Convert 5294 (base 13) to base 4.
2302310
Convert -222222 (base 4) to base 11.
-2062
What is 839 (base 10) in base 16?
347
23e6 (base 15) to base 16
1dd9
What is -25633 (base 8) in base 2?
-10101110011011
What is 220323 (base 4) in base 2?
101000111011
-540 (base 11) to base 3
-220001
Convert 1111010110001 (base 2) to base 4.
1322301
-282 (base 11) to base 3
-110022
Convert 148 (base 11) to base 13.
104
What is 22 (base 4) in base 12?
a
What is -1111111111101 (base 2) in base 13?
-395c
What is -1100101000101001 (base 2) in base 11?
-35979
Convert 10182 (base 12) to base 10.
20978
-8652 (base 11) to base 7
-45220
Convert -1412 (base 5) to base 11.
-1a1
What is 21506 (base 7) in base 3?
21101212
300 (base 7) to base 3
12110
What is aab (base 12) in base 8?
3043
What is -6a7 (base 15) in base 4?
-113203
What is 268 (base 16) in base 7?
1540
-2fd (base 16) to base 10
-765
Convert 1e9 (base 16) to base 12.
349
-541 (base 7) to base 6
-1134
-6b9 (base 14) to base 4
-110323
Convert 11020112 (base 4) to base 10.
21014
Convert 1001022112 (base 3) to base 7.
114116
Convert -1156 (base 12) to base 3.
-2122210
-1206 (base 11) to base 4
-120223
-11078 (base 9) to base 7
-30314
-14222 (base 5) to base 4
-102203
Convert 1430240 (base 5) to base 14.
ad5c
What is 3a8 (base 15) in base 4?
31001
Convert -12011 (base 6) to base 11.
-1338
Convert -600 (base 7) to base 15.
-149
What is -120021002 (base 3) in base 8?
-25566
What is -1030033 (base 4) in base 9?
-6621
2056 (base 16) to base 12
495a
a2c4 (base 13) to base 3
1010211011
What is 46335 (base 7) in base 13?
5505
2225 (base 10) to base 8
4261
What is dd (base 16) in base 13?
140
-21420 (base 9) to base 10
-14193
Convert -57b (base 13) to base 7.
-2522
Convert 31200 (base 6) to base 7.
15114
What is 32 (base 11) in base 7?
50
What is 331032 (base 4) in base 6?
30050
What is 12124 (base 5) in base 3?
1020212
719 (base 12) to base 14
537
-9a8 (base 15) to base 3
-2222212
What is 16377 (base 9) in base 2?
10101111110000
-140130 (base 7) to base 10
-26481
1034331 (base 5) to base 12
a577
What is -11021230 (base 4) in base 7?
-115342
What is -221022112 (base 3) in base 12?
-a81b
Convert -11201 (base 3) to base 6.
-331
-1b8 (base 12) to base 4
-10130
Convert 10111111011 (base 2) to base 4.
113323
What is 11538 (base 14) in base 12?
204ba
What is -1110000110 (base 2) in base 3?
-1020102
-11011 (base 2) to base 7
-36
What is -8070 (base 10) in base 14?
-2d26
Convert 759 (base 10) to base 6.
3303
Convert -6a (base 16) to base 2.
-1101010
Convert -1204 (base 14) to base 10.
-3140
What is -302000 (base 4) in base 13?
-15c2
Convert -4512 (base 6) to base 16.
-41c
What is 15 (base 10) in base 16?
f
Convert -2086 (base 9) to base 16.
-600
23147 (base 8) to base 14
3823
Convert -11111 (base 3) to base 15.
-81
What is -100001101010000 (base 2) in base 3?
-212122020
What is -202100011 (base 3) in base 11?
-1015a
Convert -2c1 (base 15) to base 6.
-2531
Convert -9100 (base 10) to base 9.
-13431
221 (base 6) to base 15
5a
What is 211201 (base 3) in base 13?
382
Convert -12262 (base 11) to base 6.
-213313
1448a (base 11) to base 9
31160
Convert 43323 (base 6) to base 16.
1743
-235 (base 6) to base 7
-164
-2231 (base 13) to base 9
-6482
What is -567 (base 10) in base 2?
-1000110111
What is -1510 (base 9) in base 2?
-10001110111
-137 (base 10) to base 7
-254
Convert -4d43 (base 14) to base 7.
-54413
What is -3051 (base 13) in base 11?
-5002
Convert -102630 (base 7) to base 12.
-a380
What is -12222221 (base 3) in base 11?
-3315
Convert 2998 (base 10) to base 12.
189a
Convert -423 (base 5) to base 11.
-a3
Convert -7b22 (base 14) to base 12.
-1046a
Convert -272 (base 12) to base 7.
-1043
Convert -1264a (base 15) to base 2.
-1110010110101011
-407 (base 14) to base 16
-317
What is -1000111111000 (base 2) in base 4?
-1013320
What is 111100100 (base 2) in base 13?
2b3
What is -751 (base 8) in base 3?
-200010
Convert -40fa (base 16) to base 8.
-40372
-463 (base 8) to base 10
-307
-3e8 (base 16) to base 13
-5bc
Convert -d6d (base 14) to base 2.
-101001010101
What is 2523 (base 6) in base 2?
1001110011
-3244 (base 5) to base 10
-449
-2203203 (base 4) to base 5
-313332
Convert 122232 (base 4) to base 13.
a17
1022202001 (base 3) to base 6
320344
Convert -34a (base 15) to base 12.
-521
What is -21340 (base 5) in base 3?
-2000110
Convert -10db (base 15) to base 9.
-4818
What is -202112220 (base 3) in base 13?
-6a86
Convert -20111210 (base 3) to base 13.
-2211
Convert -1091 (base 11) to base 16.
-597
Convert d376 (base 16) to base 3.
2202020222
Convert 555 (base 14) to base 12.
73b
What is 210021 (base 4) in base 14?
bb3
Convert -3057 (base 9) to base 8.
-4277
106422 (base 7) to base 14
6d49
Convert 100100111010010 (base 2) to base 16.
49d2
d90 (base 16) to base 9
4677
-8555 (base 9) to base 14
-2411
1b2 (base 12) to base 3
101022
What is 360 (base 11) in base 8?
655
-3026 (base 13) to base 12
-39bb
Convert -131430 (base 5) to base 10.
-5240
-1112212 (base 3) to base 16
-46a
What is -1000011011110 (base 2) in base 15?
-142d
Convert 6683 (base 9) to base 2.
1001101000111
775 (base 10) to base 9
1051
164 (base 7) to base 11
87
-110011111111 (base 2) to base 8
-6377
Convert 1808a (base 14) to base 6.
1144014
688 (base 9) to base 13
347
Convert -1932 (base 13) to base 12.
-2213
Convert 1024321 (base 5) to base 10.
17461
What is -1133 (base 7) in base 8?
-640
-156 (base 16) to base 4
-11112
What is -2315 (base 6) in base 16?
-227
442 (base 16) to base 12
76a
Convert -1011010000011 (base 2) to base 7.
-22542
Convert 151 (base 10) to base 2.
10010111
What is 5b7b (base 12) in base 11?
7831
What is -16077 (base 8) in base 14?
-28c7
What is 4204 (base 5) in base 3?
202112
Convert 25 (base 8) to base 7.
30
-17b9 (base 16) to base 8
-13671
Convert -17632 (base 9) to base 10.
-12179
-272 (base 14) to base 4
-13230
-122a (base 12) to base 16
-802
-13322200 (base 4) to base 15
-9911
Convert -24c (base 15) to base 9.
-640
-1200110 (base 3) to base 4
-103023
Convert 47 (base 15) to base 10.
67
What is a61 (base 14) in base 3?
2210202
What is -2242 (base 11) in base 4?
-232012
What is f5 (base 16) in base 7?
500
What is 21100 (base 7) in base 4?
1101022
Convert -529 (base 11) to base 13.
-39c
2433 (base 5) to base 15
198
What is -23946 (base 10) in base 7?
-126546
What is -265 (base 9) in base 12?
-165
What is -1313 (base 6) in ba